{"id":4400,"date":"2021-10-12T15:51:09","date_gmt":"2021-10-12T15:51:09","guid":{"rendered":"http:\/\/dummy.xtemos.com\/woodmart2\/elementor\/?page_id=4400"},"modified":"2025-06-11T14:52:54","modified_gmt":"2025-06-11T14:52:54","slug":"about-us-3","status":"publish","type":"page","link":"https:\/\/phuchungvina.com\/index.php\/about-us-3\/","title":{"rendered":"GI\u1edaI THI\u1ec6U"},"content":{"rendered":"\t\t<div data-elementor-type=\"wp-page\" data-elementor-id=\"4400\" class=\"elementor elementor-4400\">\n\t\t\t\t<div class=\"wd-negative-gap elementor-element elementor-element-3be63fc e-flex e-con-boxed e-con e-parent\" data-id=\"3be63fc\" data-element_type=\"container\">\n\t\t\t\t\t<div class=\"e-con-inner\">\n\t\t<div class=\"elementor-element elementor-element-fde876a e-con-full e-flex e-con e-child\" data-id=\"fde876a\" data-element_type=\"container\">\n\t\t\t\t<div class=\"elementor-element elementor-element-5a5b266 elementor-widget elementor-widget-wd_text_block\" data-id=\"5a5b266\" data-element_type=\"widget\" data-widget_type=\"wd_text_block.default\">\n\t\t\t\t<div class=\"elementor-widget-container\">\n\t\t\t\t\t\t\t<div class=\"wd-text-block reset-last-child text-left\">\n\t\t\t\n\t\t\t<h2><span style=\"color: #3366ff;\"><strong>C\u00d4NG TY PH\u00daC H\u01afNG<\/strong><\/span><\/h2>\n\t\t\t\t\t<\/div>\n\t\t\t\t\t\t<\/div>\n\t\t\t\t<\/div>\n\t\t\t\t<div class=\"elementor-element elementor-element-69b96a5 wd-width-100 elementor-widget elementor-widget-wd_images_gallery\" data-id=\"69b96a5\" data-element_type=\"widget\" data-widget_type=\"wd_images_gallery.default\">\n\t\t\t\t<div class=\"elementor-widget-container\">\n\t\t\t\t\t\t\t<div class=\"wd-images-gallery photoswipe-images\" style=\"--wd-align-items:center; --wd-justify-content:center;\">\n\t\t\t\t\t\t<div class=\"wd-grid-g\" style=\"--wd-col-lg:3;--wd-col-md:3;--wd-col-sm:1;--wd-gap-lg:0px;\" >\n\t\t\t\t\t\t\t\t\t\t\t\t\t\t\t\t\t\t<div class=\"wd-gallery-item wd-col\">\n\t\t\t\t\t\t\t\t\t\t\t\t\t<a  href=\"https:\/\/phuchungvina.com\/wp-content\/uploads\/2021\/08\/Blower-Krones.png\" data-width=\"984\" data-height=\"984\" data-index=\"1\" data-elementor-open-lightbox=\"no\">\n\t\t\t\t\t\t\n\t\t\t\t\t\t<img fetchpriority=\"high\" decoding=\"async\" width=\"984\" height=\"984\" src=\"https:\/\/phuchungvina.com\/wp-content\/uploads\/2021\/08\/Blower-Krones.png\" class=\"attachment-1536x1536 size-1536x1536\" alt=\"K\u1eb9p gi\u1eef chai Blower\" srcset=\"https:\/\/phuchungvina.com\/wp-content\/uploads\/2021\/08\/Blower-Krones.png 984w, https:\/\/phuchungvina.com\/wp-content\/uploads\/2021\/08\/Blower-Krones-300x300.png 300w, https:\/\/phuchungvina.com\/wp-content\/uploads\/2021\/08\/Blower-Krones-800x800.png 800w, https:\/\/phuchungvina.com\/wp-content\/uploads\/2021\/08\/Blower-Krones-150x150.png 150w, https:\/\/phuchungvina.com\/wp-content\/uploads\/2021\/08\/Blower-Krones-768x768.png 768w, https:\/\/phuchungvina.com\/wp-content\/uploads\/2021\/08\/Blower-Krones-430x430.png 430w, https:\/\/phuchungvina.com\/wp-content\/uploads\/2021\/08\/Blower-Krones-700x700.png 700w\" sizes=\"(max-width: 984px) 100vw, 984px\" \/>\n\t\t\t\t\t\t\t\t\t\t\t\t\t<\/a>\n\t\t\t\t\t\t\t\t\t\t\t<\/div>\n\t\t\t\t\t\t\t\t\t\t\t\t\t\t\t<div class=\"wd-gallery-item wd-col\">\n\t\t\t\t\t\t\t\t\t\t\t\t\t<a  href=\"https:\/\/phuchungvina.com\/wp-content\/uploads\/2025\/05\/Thiet-ke-chua-co-ten-4.png\" data-width=\"1050\" data-height=\"525\" data-index=\"2\" data-elementor-open-lightbox=\"no\">\n\t\t\t\t\t\t\n\t\t\t\t\t\t<img decoding=\"async\" width=\"1050\" height=\"525\" src=\"https:\/\/phuchungvina.com\/wp-content\/uploads\/2025\/05\/Thiet-ke-chua-co-ten-4.png\" class=\"attachment-1536x1536 size-1536x1536\" alt=\"Thi\u1ebft k\u1ebf ch\u01b0a c\u00f3 t\u00ean (4)\" srcset=\"https:\/\/phuchungvina.com\/wp-content\/uploads\/2025\/05\/Thiet-ke-chua-co-ten-4.png 1050w, https:\/\/phuchungvina.com\/wp-content\/uploads\/2025\/05\/Thiet-ke-chua-co-ten-4-400x200.png 400w, https:\/\/phuchungvina.com\/wp-content\/uploads\/2025\/05\/Thiet-ke-chua-co-ten-4-768x384.png 768w, https:\/\/phuchungvina.com\/wp-content\/uploads\/2025\/05\/Thiet-ke-chua-co-ten-4-430x215.png 430w, https:\/\/phuchungvina.com\/wp-content\/uploads\/2025\/05\/Thiet-ke-chua-co-ten-4-700x350.png 700w, https:\/\/phuchungvina.com\/wp-content\/uploads\/2025\/05\/Thiet-ke-chua-co-ten-4-150x75.png 150w\" sizes=\"(max-width: 1050px) 100vw, 1050px\" \/>\n\t\t\t\t\t\t\t\t\t\t\t\t\t<\/a>\n\t\t\t\t\t\t\t\t\t\t\t<\/div>\n\t\t\t\t\t\t\t\t\t\t\t\t\t<\/div>\n\t\t\t\t\t<\/div>\n\t\t\t\t\t\t<\/div>\n\t\t\t\t<\/div>\n\t\t\t\t<\/div>\n\t\t<div class=\"elementor-element elementor-element-157a41a e-con-full e-flex e-con e-child\" data-id=\"157a41a\" data-element_type=\"container\">\n\t\t\t\t<div class=\"elementor-element elementor-element-f45b447 elementor-widget elementor-widget-wd_text_block\" data-id=\"f45b447\" data-element_type=\"widget\" data-widget_type=\"wd_text_block.default\">\n\t\t\t\t<div class=\"elementor-widget-container\">\n\t\t\t\t\t\t\t<div class=\"wd-text-block reset-last-child text-left\">\n\t\t\t\n\t\t\t<h3><span style=\"color: #000000;\"><strong>Ph\u00fac H\u01b0ng - \u0110\u1ed1i t\u00e1c tin c\u1eady cho ph\u1ee5 t\u00f9ng m\u00e1y m\u00f3c ng\u00e0nh \u0111\u1ed3 u\u1ed1ng \u0111\u00f3ng chai<\/strong><\/span><\/h3><p>C\u00f4ng ty TNHH Th\u01b0\u01a1ng m\u1ea1i K\u1ef9 thu\u1eadt C\u00f4ng nghi\u1ec7p Ph\u00fac H\u01b0ng t\u1ef1 h\u00e0o l\u00e0 c\u00f4ng ty\u00a0 chuy\u00ean v\u1ec1 l\u0129nh v\u1ef1c <strong>gia c\u00f4ng v\u00e0 cung c\u1ea5p ph\u1ee5 t\u00f9ng m\u00e1y m\u00f3c thi\u1ebft b\u1ecb<\/strong> cho c\u00e1c doanh nghi\u1ec7p trong ng\u00e0nh \u0111\u1ed3 u\u1ed1ng \u0111\u00f3ng chai. Ch\u00fang t\u00f4i t\u1ef1 tin mang \u0111\u1ebfn nh\u1eefng s\u1ea3n ph\u1ea9m ch\u1ea5t l\u01b0\u1ee3ng cao, <strong>t\u01b0\u01a1ng \u0111\u01b0\u01a1ng v\u1edbi c\u00e1c s\u1ea3n ph\u1ea9m ch\u00ednh h\u00e3ng<\/strong> t\u1eeb c\u00e1c nh\u00e0 s\u1ea3n xu\u1ea5t thi\u1ebft b\u1ecb g\u1ed1c (OEM) h\u00e0ng \u0111\u1ea7u th\u1ebf gi\u1edbi nh\u01b0 <strong>Krones, KHS v\u00e0 Sidel<\/strong>, \u0111\u1ed3ng th\u1eddi \u0111\u1ea3m b\u1ea3o <strong>chi ph\u00ed c\u1ea1nh tranh<\/strong>.<\/p>\n\t\t\t\t\t<\/div>\n\t\t\t\t\t\t<\/div>\n\t\t\t\t<\/div>\n\t\t\t\t<\/div>\n\t\t\t\t\t<\/div>\n\t\t\t\t<\/div>\n\t\t<div class=\"wd-negative-gap elementor-element elementor-element-77df8d2 e-flex e-con-boxed e-con e-parent\" data-id=\"77df8d2\" data-element_type=\"container\">\n\t\t\t\t\t<div class=\"e-con-inner\">\n\t\t\t\t<div class=\"elementor-element elementor-element-9e28b44 elementor-widget-divider--view-line elementor-widget elementor-widget-divider\" data-id=\"9e28b44\" data-element_type=\"widget\" data-widget_type=\"divider.default\">\n\t\t\t\t<div class=\"elementor-widget-container\">\n\t\t\t\t\t\t\t<div class=\"elementor-divider\">\n\t\t\t<span class=\"elementor-divider-separator\">\n\t\t\t\t\t\t<\/span>\n\t\t<\/div>\n\t\t\t\t\t\t<\/div>\n\t\t\t\t<\/div>\n\t\t\t\t\t<\/div>\n\t\t\t\t<\/div>\n\t\t<div class=\"wd-negative-gap elementor-element elementor-element-9f53b79 e-flex e-con-boxed e-con e-parent\" data-id=\"9f53b79\" data-element_type=\"container\">\n\t\t\t\t\t<div class=\"e-con-inner\">\n\t\t\t\t<div class=\"elementor-element elementor-element-9dfe573 elementor-widget elementor-widget-wd_text_block\" data-id=\"9dfe573\" data-element_type=\"widget\" data-widget_type=\"wd_text_block.default\">\n\t\t\t\t<div class=\"elementor-widget-container\">\n\t\t\t\t\t\t\t<div class=\"wd-text-block reset-last-child text-left\">\n\t\t\t\n\t\t\t<h2><span style=\"color: #3366ff;\"><strong>CH\u1ea4T L\u01af\u1ee2NG<\/strong><\/span><\/h2><p>Ch\u00fang t\u00f4i hi\u1ec3u r\u1eb1ng ch\u1ea5t l\u01b0\u1ee3ng l\u00e0 y\u1ebfu t\u1ed1 then ch\u1ed1t \u0111\u1ed1i v\u1edbi hi\u1ec7u su\u1ea5t v\u00e0 tu\u1ed5i th\u1ecd c\u1ee7a h\u1ec7 th\u1ed1ng m\u00e1y m\u00f3c s\u1ea3n xu\u1ea5t. Ch\u00ednh v\u00ec v\u1eady, <strong>Ph\u00fac H\u01b0ng<\/strong> \u0111\u1ea7u t\u01b0 v\u00e0o quy tr\u00ecnh gia c\u00f4ng hi\u1ec7n \u0111\u1ea1i, s\u1eed d\u1ee5ng v\u1eadt li\u1ec7u ch\u1ea5t l\u01b0\u1ee3ng cao v\u00e0 \u00e1p d\u1ee5ng c\u00e1c ti\u00eau chu\u1ea9n ki\u1ec3m so\u00e1t nghi\u00eam ng\u1eb7t. M\u1ed7i s\u1ea3n ph\u1ea9m c\u1ee7a ch\u00fang t\u00f4i, t\u1eeb chi ti\u1ebft nh\u1ecf nh\u1ea5t \u0111\u1ebfn c\u00e1c c\u1ee5m ph\u1ee5 t\u00f9ng ph\u1ee9c t\u1ea1p, \u0111\u1ec1u \u0111\u01b0\u1ee3c s\u1ea3n xu\u1ea5t v\u1edbi s\u1ef1 t\u1ec9 m\u1ec9 v\u00e0 ch\u00ednh x\u00e1c cao, \u0111\u1ea3m b\u1ea3o <strong>ch\u1ea5t l\u01b0\u1ee3ng t\u01b0\u01a1ng \u0111\u01b0\u01a1ng<\/strong> v\u1edbi c\u00e1c s\u1ea3n ph\u1ea9m ch\u00ednh h\u00e3ng t\u1eeb <strong>Krones, KHS, Sidel<\/strong>. \u0110i\u1ec1u n\u00e0y gi\u00fap qu\u00fd kh\u00e1ch h\u00e0ng duy tr\u00ec hi\u1ec7u su\u1ea5t s\u1ea3n xu\u1ea5t \u1ed5n \u0111\u1ecbnh, gi\u1ea3m thi\u1ec3u th\u1eddi gian ng\u1eebng m\u00e1y v\u00e0 t\u1ed1i \u01b0u h\u00f3a quy tr\u00ecnh v\u1eadn h\u00e0nh.<\/p>\n\t\t\t\t\t<\/div>\n\t\t\t\t\t\t<\/div>\n\t\t\t\t<\/div>\n\t\t\t\t\t<\/div>\n\t\t\t\t<\/div>\n\t\t<div class=\"wd-negative-gap elementor-element elementor-element-0b163c1 e-flex e-con-boxed e-con e-parent\" data-id=\"0b163c1\" data-element_type=\"container\">\n\t\t\t\t\t<div class=\"e-con-inner\">\n\t\t\t\t<div class=\"elementor-element elementor-element-eab52fb elementor-widget-divider--view-line elementor-widget elementor-widget-divider\" data-id=\"eab52fb\" data-element_type=\"widget\" data-widget_type=\"divider.default\">\n\t\t\t\t<div class=\"elementor-widget-container\">\n\t\t\t\t\t\t\t<div class=\"elementor-divider\">\n\t\t\t<span class=\"elementor-divider-separator\">\n\t\t\t\t\t\t<\/span>\n\t\t<\/div>\n\t\t\t\t\t\t<\/div>\n\t\t\t\t<\/div>\n\t\t\t\t\t<\/div>\n\t\t\t\t<\/div>\n\t\t<div class=\"wd-negative-gap elementor-element elementor-element-8a596f1 e-flex e-con-boxed e-con e-parent\" data-id=\"8a596f1\" data-element_type=\"container\">\n\t\t\t\t\t<div class=\"e-con-inner\">\n\t\t\t\t<div class=\"elementor-element elementor-element-aff3fa5 elementor-widget elementor-widget-wd_text_block\" data-id=\"aff3fa5\" data-element_type=\"widget\" data-widget_type=\"wd_text_block.default\">\n\t\t\t\t<div class=\"elementor-widget-container\">\n\t\t\t\t\t\t\t<div class=\"wd-text-block reset-last-child text-left\">\n\t\t\t\n\t\t\t<h2><span style=\"color: #3366ff;\"><strong>CHI PH\u00cd<\/strong><\/span><\/h2><p>B\u00ean c\u1ea1nh <strong>ch\u1ea5t l\u01b0\u1ee3ng<\/strong>, <strong>Ph\u00fac H\u01b0ng<\/strong> lu\u00f4n n\u1ed7 l\u1ef1c mang \u0111\u1ebfn gi\u1ea3i ph\u00e1p <strong>chi ph\u00ed th\u1ea5p<\/strong> h\u01a1n \u0111\u00e1ng k\u1ec3 so v\u1edbi vi\u1ec7c mua ph\u1ee5 t\u00f9ng tr\u1ef1c ti\u1ebfp t\u1eeb c\u00e1c OEM. V\u1edbi l\u1ee3i th\u1ebf v\u1ec1 quy tr\u00ecnh s\u1ea3n xu\u1ea5t t\u1ed1i \u01b0u v\u00e0 chu\u1ed7i cung \u1ee9ng hi\u1ec7u qu\u1ea3, ch\u00fang t\u00f4i gi\u00fap doanh nghi\u1ec7p ti\u1ebft ki\u1ec7m chi ph\u00ed \u0111\u1ea7u t\u01b0 m\u00e0 v\u1eabn \u0111\u1ea3m b\u1ea3o ch\u1ea5t l\u01b0\u1ee3ng v\u00e0 hi\u1ec7u su\u1ea5t ho\u1ea1t \u0111\u1ed9ng. \u0110\u00e2y l\u00e0 l\u1ee3i th\u1ebf c\u1ea1nh tranh v\u01b0\u1ee3t tr\u1ed9i gi\u00fap qu\u00fd kh\u00e1ch h\u00e0ng t\u1ed1i \u0111a h\u00f3a l\u1ee3i nhu\u1eadn v\u00e0 n\u00e2ng cao kh\u1ea3 n\u0103ng c\u1ea1nh tranh tr\u00ean th\u1ecb tr\u01b0\u1eddng.<\/p>\n\t\t\t\t\t<\/div>\n\t\t\t\t\t\t<\/div>\n\t\t\t\t<\/div>\n\t\t\t\t\t<\/div>\n\t\t\t\t<\/div>\n\t\t<div class=\"wd-negative-gap elementor-element elementor-element-b6244ab e-flex e-con-boxed e-con e-parent\" data-id=\"b6244ab\" data-element_type=\"container\">\n\t\t\t\t\t<div class=\"e-con-inner\">\n\t\t\t\t<div class=\"elementor-element elementor-element-948d159 elementor-widget-divider--view-line elementor-widget elementor-widget-divider\" data-id=\"948d159\" data-element_type=\"widget\" data-widget_type=\"divider.default\">\n\t\t\t\t<div class=\"elementor-widget-container\">\n\t\t\t\t\t\t\t<div class=\"elementor-divider\">\n\t\t\t<span class=\"elementor-divider-separator\">\n\t\t\t\t\t\t<\/span>\n\t\t<\/div>\n\t\t\t\t\t\t<\/div>\n\t\t\t\t<\/div>\n\t\t\t\t\t<\/div>\n\t\t\t\t<\/div>\n\t\t<div class=\"wd-negative-gap elementor-element elementor-element-29ab63e e-flex e-con-boxed e-con e-parent\" data-id=\"29ab63e\" data-element_type=\"container\">\n\t\t\t\t\t<div class=\"e-con-inner\">\n\t\t\t\t<div class=\"elementor-element elementor-element-b7ecf3b elementor-widget elementor-widget-wd_text_block\" data-id=\"b7ecf3b\" data-element_type=\"widget\" data-widget_type=\"wd_text_block.default\">\n\t\t\t\t<div class=\"elementor-widget-container\">\n\t\t\t\t\t\t\t<div class=\"wd-text-block reset-last-child text-left\">\n\t\t\t\n\t\t\t<h2><span style=\"color: #3366ff;\"><strong>\u0110A D\u1ea0NG S\u1ea2N PH\u1ea8M<\/strong><\/span><\/h2><p><strong>Ph\u00fac H\u01b0ng<\/strong> chuy\u00ean cung c\u1ea5p \u0111a d\u1ea1ng c\u00e1c lo\u1ea1i ph\u1ee5 t\u00f9ng, t\u1eeb c\u00e1c b\u1ed9 ph\u1eadn hao m\u00f2n th\u00f4ng th\u01b0\u1eddng \u0111\u1ebfn c\u00e1c linh ki\u1ec7n chuy\u00ean bi\u1ec7t, ph\u1ee5c v\u1ee5 cho nhi\u1ec1u d\u00f2ng m\u00e1y c\u1ee7a <strong>Krones, KHS, Sidel<\/strong>. D\u00f9 qu\u00fd kh\u00e1ch h\u00e0ng c\u1ea7n ph\u1ee5 t\u00f9ng cho h\u1ec7 th\u1ed1ng<em><strong> chi\u1ebft r\u00f3t, \u0111\u00f3ng n\u1eafp, d\u00e1n nh\u00e3n<\/strong><\/em> hay c\u00e1c d\u00e2y chuy\u1ec1n s\u1ea3n xu\u1ea5t ph\u1ee9c t\u1ea1p kh\u00e1c, ch\u00fang t\u00f4i \u0111\u1ec1u c\u00f3 th\u1ec3 \u0111\u00e1p \u1ee9ng v\u1edbi ch\u1ea5t l\u01b0\u1ee3ng v\u00e0 chi ph\u00ed t\u1ed1i \u01b0u nh\u1ea5t<\/p>\n\t\t\t\t\t<\/div>\n\t\t\t\t\t\t<\/div>\n\t\t\t\t<\/div>\n\t\t\t\t\t<\/div>\n\t\t\t\t<\/div>\n\t\t<div class=\"wd-negative-gap elementor-element elementor-element-79c6f4d e-flex e-con-boxed e-con e-parent\" data-id=\"79c6f4d\" data-element_type=\"container\">\n\t\t\t\t\t<div class=\"e-con-inner\">\n\t\t\t\t<div class=\"elementor-element elementor-element-5d85069 elementor-widget-divider--view-line elementor-widget elementor-widget-divider\" data-id=\"5d85069\" data-element_type=\"widget\" data-widget_type=\"divider.default\">\n\t\t\t\t<div class=\"elementor-widget-container\">\n\t\t\t\t\t\t\t<div class=\"elementor-divider\">\n\t\t\t<span class=\"elementor-divider-separator\">\n\t\t\t\t\t\t<\/span>\n\t\t<\/div>\n\t\t\t\t\t\t<\/div>\n\t\t\t\t<\/div>\n\t\t\t\t\t<\/div>\n\t\t\t\t<\/div>\n\t\t<div class=\"wd-negative-gap elementor-element elementor-element-2738fbe e-flex e-con-boxed e-con e-parent\" data-id=\"2738fbe\" data-element_type=\"container\">\n\t\t\t\t\t<div class=\"e-con-inner\">\n\t\t<div class=\"elementor-element elementor-element-c910369 e-con-full e-flex e-con e-child\" data-id=\"c910369\" data-element_type=\"container\">\n\t\t\t\t<div class=\"elementor-element elementor-element-0548ece elementor-widget elementor-widget-wd_image_or_svg\" data-id=\"0548ece\" data-element_type=\"widget\" data-widget_type=\"wd_image_or_svg.default\">\n\t\t\t\t<div class=\"elementor-widget-container\">\n\t\t\t\t\t\n\t\t<div class=\"wd-image text-left\">\n\t\t\t\t\t\t\t\t<img decoding=\"async\" width=\"350\" height=\"50\" src=\"https:\/\/phuchungvina.com\/wp-content\/uploads\/2025\/05\/PHUC-HUNG.png\" class=\"attachment-full size-full\" alt=\"\" srcset=\"https:\/\/phuchungvina.com\/wp-content\/uploads\/2025\/05\/PHUC-HUNG.png 350w, https:\/\/phuchungvina.com\/wp-content\/uploads\/2025\/05\/PHUC-HUNG-150x21.png 150w\" sizes=\"(max-width: 350px) 100vw, 350px\" \/>\t\t\t\t\t<\/div>\n\n\t\t\t\t\t\t<\/div>\n\t\t\t\t<\/div>\n\t\t\t\t<\/div>\n\t\t<div class=\"elementor-element elementor-element-045843d e-con-full e-flex e-con e-child\" data-id=\"045843d\" data-element_type=\"container\">\n\t\t\t\t<div class=\"elementor-element elementor-element-79e0386 elementor-widget elementor-widget-wd_text_block\" data-id=\"79e0386\" data-element_type=\"widget\" data-widget_type=\"wd_text_block.default\">\n\t\t\t\t<div class=\"elementor-widget-container\">\n\t\t\t\t\t\t\t<div class=\"wd-text-block reset-last-child text-left\">\n\t\t\t\n\t\t\t<h4><strong><em><span style=\"color: #3366ff;\">H\u00e3y li\u00ean h\u1ec7 v\u1edbi Ph\u00fac H\u01b0ng ngay h\u00f4m nay \u0111\u1ec3 nh\u1eadn \u0111\u01b0\u1ee3c s\u1ef1 t\u01b0 v\u1ea5n chuy\u00ean nghi\u1ec7p v\u00e0 nh\u1eefng gi\u1ea3i ph\u00e1p ph\u1ee5 t\u00f9ng m\u00e1y m\u00f3c ng\u00e0nh n\u01b0\u1edbc gi\u1ea3i kh\u00e1t hi\u1ec7u qu\u1ea3 nh\u1ea5t!<\/span><\/em><\/strong><\/h4>\n\t\t\t\t\t<\/div>\n\t\t\t\t\t\t<\/div>\n\t\t\t\t<\/div>\n\t\t\t\t<\/div>\n\t\t\t\t\t<\/div>\n\t\t\t\t<\/div>\n\t\t\t\t<\/div>\n\t\t","protected":false},"excerpt":{"rendered":"<p>C\u00d4NG TY PH\u00daC H\u01afNG Ph\u00fac H\u01b0ng &#8211; \u0110\u1ed1i t\u00e1c tin c\u1eady cho ph\u1ee5 t\u00f9ng m\u00e1y m\u00f3c ng\u00e0nh \u0111\u1ed3 u\u1ed1ng \u0111\u00f3ng<\/p>\n","protected":false},"author":1,"featured_media":0,"parent":0,"menu_order":0,"comment_status":"closed","ping_status":"closed","template":"","meta":{"footnotes":""},"class_list":["post-4400","page","type-page","status-publish","hentry"],"jetpack_sharing_enabled":true,"_links":{"self":[{"href":"https:\/\/phuchungvina.com\/index.php\/wp-json\/wp\/v2\/pages\/4400","targetHints":{"allow":["GET"]}}],"collection":[{"href":"https:\/\/phuchungvina.com\/index.php\/wp-json\/wp\/v2\/pages"}],"about":[{"href":"https:\/\/phuchungvina.com\/index.php\/wp-json\/wp\/v2\/types\/page"}],"author":[{"embeddable":true,"href":"https:\/\/phuchungvina.com\/index.php\/wp-json\/wp\/v2\/users\/1"}],"replies":[{"embeddable":true,"href":"https:\/\/phuchungvina.com\/index.php\/wp-json\/wp\/v2\/comments?post=4400"}],"version-history":[{"count":14,"href":"https:\/\/phuchungvina.com\/index.php\/wp-json\/wp\/v2\/pages\/4400\/revisions"}],"predecessor-version":[{"id":35812,"href":"https:\/\/phuchungvina.com\/index.php\/wp-json\/wp\/v2\/pages\/4400\/revisions\/35812"}],"wp:attachment":[{"href":"https:\/\/phuchungvina.com\/index.php\/wp-json\/wp\/v2\/media?parent=4400"}],"curies":[{"name":"wp","href":"https:\/\/api.w.org\/{rel}","templated":true}]}}